{"id":175,"date":"2021-06-25T13:51:58","date_gmt":"2021-06-25T11:51:58","guid":{"rendered":"http:\/\/dunamuzeum2.ovf.hu\/?page_id=175"},"modified":"2023-01-17T10:42:34","modified_gmt":"2023-01-17T08:42:34","slug":"studio-panindigan","status":"publish","type":"page","link":"http:\/\/dunamuzeum.hu\/index.php\/studio-panindigan\/","title":{"rendered":"Studio Panindigan"},"content":{"rendered":"<div id='full_slider_1'  class='avia-fullwidth-slider main_color avia-shadow   avia-builder-el-0  el_before_av_section  avia-builder-el-first   container_wrap fullsize'  ><div  class='avia-slideshow av-1falrb-16b0925c7944644d9998b374db962d37 av-control-default avia-slideshow-no scaling av_slideshow_full avia-slide-slider av-default-height-applied   avia-slideshow-1'  data-size='no scaling'  data-lightbox_size='large'  data-animation='slide'  data-conditional_play=''  data-ids='1022'  data-video_counter='0'  data-autoplay='false'  data-bg_slider='false'  data-slide_height=''  data-handle='av_slideshow_full'  data-interval='5'  data-class=''  data-extra_class=' '  data-el_id=''  data-css_id=''  data-scroll_down=''  data-control_layout='av-control-default'  data-custom_markup=''  data-perma_caption=''  data-autoplay_stopper=''  data-image_attachment=''  data-min_height='0px'  data-lazy_loading='disabled'  data-default-height='41.322314049587'  data-stretch=''  data-src=''  data-position='top left'  data-repeat='no-repeat'  data-attach='scroll'  data-img_scrset=''  data-av-desktop-hide=''  data-av-medium-hide=''  data-av-small-hide=''  data-av-mini-hide=''  data-id=''  data-custom_class=''  data-template_class=''  data-av_uid='av-1falrb'  data-sc_version='1.0'  data-heading_tag=''  data-heading_class=''   itemprop=\"image\" itemscope=\"itemscope\" itemtype=\"https:\/\/schema.org\/ImageObject\" ><ul class='avia-slideshow-inner ' style='padding-bottom: 41.322314049587%;'><li  class='avia-slideshow-slide av-1falrb-16b0925c7944644d9998b374db962d37__0  av-single-slide slide-1 ' ><div data-rel='slideshow-1' class='avia-slide-wrap '   ><div class='av-slideshow-caption av-1falrb-16b0925c7944644d9998b374db962d37__0 caption_fullwidth caption_bottom'><div class=\"container caption_container\"><div class=\"slideshow_caption\"><div class=\"slideshow_inner_caption\"><div class=\"slideshow_align_caption\"><h2 class='avia-caption-title '  itemprop=\"name\" >Studio Panindigan<\/h2><div class='avia-caption-content '  itemprop=\"description\" ><p>D\u00f3ka B\u00e9la fot\u00f3ki\u00e1ll\u00edt\u00e1sa<\/p>\n<\/div><\/div><\/div><\/div><\/div><\/div><img decoding=\"async\" class=\"wp-image-1022 avia-img-lazy-loading-not-1022\"  src=\"http:\/\/dunamuzeum.hu\/wp-content\/uploads\/2022\/11\/beladokahero.jpg\" width=\"1210\" height=\"500\" title='beladokahero' alt=''  itemprop=\"thumbnailUrl\" srcset=\"http:\/\/dunamuzeum.hu\/wp-content\/uploads\/2022\/11\/beladokahero.jpg 1210w, http:\/\/dunamuzeum.hu\/wp-content\/uploads\/2022\/11\/beladokahero-300x124.jpg 300w, http:\/\/dunamuzeum.hu\/wp-content\/uploads\/2022\/11\/beladokahero-1030x426.jpg 1030w, http:\/\/dunamuzeum.hu\/wp-content\/uploads\/2022\/11\/beladokahero-768x317.jpg 768w, http:\/\/dunamuzeum.hu\/wp-content\/uploads\/2022\/11\/beladokahero-705x291.jpg 705w\" sizes=\"(max-width: 1210px) 100vw, 1210px\" \/><\/div><\/li><\/ul><\/div><\/div>\n<div id='av_section_1'  class='avia-section av-12b4a7-1f8fc5f915e568108f20dd8d97475ff9 main_color avia-section-default avia-no-border-styling  avia-builder-el-1  el_after_av_slideshow_full  avia-builder-el-last  avia-bg-style-scroll container_wrap fullsize'  ><div class='container av-section-cont-open' ><div class='template-page content  av-content-full alpha units'><div class='post-entry post-entry-type-page post-entry-175'><div class='entry-content-wrapper clearfix'>\n\n<style type=\"text\/css\" data-created_by=\"avia_inline_auto\" id=\"style-css-av-bnvz-b6f86cee75b9c14862116a02072ce82f\">\n#top .hr.hr-invisible.av-bnvz-b6f86cee75b9c14862116a02072ce82f{\nheight:50px;\n}\n<\/style>\n<div  class='hr av-bnvz-b6f86cee75b9c14862116a02072ce82f hr-invisible  avia-builder-el-2  el_before_av_two_fifth  avia-builder-el-first '><span class='hr-inner '><span class=\"hr-inner-style\"><\/span><\/span><\/div>\n<div class='flex_column av-rxpdr-8973bc515be43eedf5e216065e3f8024 av_two_fifth  avia-builder-el-3  el_after_av_hr  el_before_av_three_fifth  first flex_column_div '   ><p>\n<style type=\"text\/css\" data-created_by=\"avia_inline_auto\" id=\"style-css-av-l5i24ae7-42b42e779981fb75e5f22cec46f81f54\">\n#top .av-special-heading.av-l5i24ae7-42b42e779981fb75e5f22cec46f81f54{\npadding-bottom:10px;\n}\nbody .av-special-heading.av-l5i24ae7-42b42e779981fb75e5f22cec46f81f54 .av-special-heading-tag .heading-char{\nfont-size:25px;\n}\n.av-special-heading.av-l5i24ae7-42b42e779981fb75e5f22cec46f81f54 .av-subheading{\nfont-size:15px;\n}\n<\/style>\n<div  class='av-special-heading av-l5i24ae7-42b42e779981fb75e5f22cec46f81f54 av-special-heading-h3 blockquote modern-quote  avia-builder-el-4  el_before_av_heading  avia-builder-el-first '><h3 class='av-special-heading-tag'  itemprop=\"headline\"  >Studio Panindigan<\/h3><div class='av-subheading av-subheading_below'><p>D\u00f3ka B\u00e9la fot\u00f3ki\u00e1ll\u00edt\u00e1sa<\/p>\n<\/div><div class=\"special-heading-border\"><div class=\"special-heading-inner-border\"><\/div><\/div><\/div><br \/>\n\n<style type=\"text\/css\" data-created_by=\"avia_inline_auto\" id=\"style-css-av-l5i24uqt-63127204c2c5ccfafc9f7a4f83dcb29b\">\n#top .av-special-heading.av-l5i24uqt-63127204c2c5ccfafc9f7a4f83dcb29b{\npadding-bottom:10px;\n}\nbody .av-special-heading.av-l5i24uqt-63127204c2c5ccfafc9f7a4f83dcb29b .av-special-heading-tag .heading-char{\nfont-size:25px;\n}\n.av-special-heading.av-l5i24uqt-63127204c2c5ccfafc9f7a4f83dcb29b .av-subheading{\nfont-size:15px;\n}\n<\/style>\n<div  class='av-special-heading av-l5i24uqt-63127204c2c5ccfafc9f7a4f83dcb29b av-special-heading-h5 blockquote modern-quote  avia-builder-el-5  el_after_av_heading  avia-builder-el-last '><h5 class='av-special-heading-tag'  itemprop=\"headline\"  >A ki\u00e1ll\u00edt\u00e1s megtekinthet\u0151 2022. december 31-ig.<\/h5><div class=\"special-heading-border\"><div class=\"special-heading-inner-border\"><\/div><\/div><\/div><\/p><\/div><div class='flex_column av-iku2f-c76eafbff7fe7b64bff66ade352a1634 av_three_fifth  avia-builder-el-6  el_after_av_two_fifth  avia-builder-el-last  flex_column_div '   ><section  class='av_textblock_section av-1csb3-4be8732953a619f951219541ccf04259'  itemscope=\"itemscope\" itemtype=\"https:\/\/schema.org\/CreativeWork\" ><div class='avia_textblock'  itemprop=\"text\" ><p align=\"justify\">D\u00f3ka B\u00e9la fotogr\u00e1fus r\u00f6gt\u00f6nz\u00f6tt st\u00fadi\u00f3ban k\u00e9sz\u00fclt k\u00e9pei a Palawan-i hal\u00e1szok mesterk\u00e9letlen egyszer\u0171s\u00e9g\u00e9t \u00e9s m\u00e9lt\u00f3s\u00e1g\u00e1t dics\u0151\u00edtik.<\/p>\n<p align=\"justify\"><a name=\"_heading=h.gjdgxs\"><\/a> \u201ePanindigan\u201d egy filipp\u00edn\u00f3 ige, melynek jelent\u00e9s\u00e9t tal\u00e1n \u00fagy lehetne ford\u00edtani: meggy\u0151z\u0151d\u00e9ssel tedd, amit teszel. Azt jelenti, hogy fenntartani valamit a neh\u00e9zs\u00e9gek \u00e9s akad\u00e1lyok dac\u00e1ra is. \u00dagy is mondhatn\u00e1nk, hogy harcolni az \u00e9let\u00fcnkbe vetett hit\u00e9rt. A m\u00e9lt\u00f3s\u00e1g \u00e9s az \u00e1llhatatoss\u00e1g megtestes\u00fcl\u00e9se. Amikor a magyar fotogr\u00e1fus, D\u00f3ka B\u00e9la elhat\u00e1rozta, hogy meg\u00f6r\u00f6k\u00edti a Palawan-i hal\u00e1szokat, e kifejez\u00e9s k\u00f6r\u00e9 \u00e9p\u00edtette a t\u00e9m\u00e1t. Egyszer\u0171 fat\u00e1bl\u00e1n a felirat: Panindigan st\u00fadi\u00f3. A projekt v\u00e9djegye, a felirat, k\u00e9zi sz\u0151ttes h\u00e1tt\u00e9r felett lebeg.<\/p>\n<p align=\"justify\">A fot\u00f3sorozat tisztelg\u00e9s a kem\u00e9nyen dolgoz\u00f3, egyszer\u0171 emberek el\u0151tt. D\u00f3ka nem akarta a k\u00e9pek k\u00e9sz\u00edt\u00e9s\u00e9vel akad\u00e1lyozni az emberek munk\u00e1j\u00e1t, \u00edgy kora reggel, a m\u0171szakkezd\u00e9s el\u0151tt egy \u00f3r\u00e1val, \u00e9s k\u00e9s\u0151 d\u00e9lut\u00e1n, a munka v\u00e9gezt\u00e9vel fot\u00f3zta a hal\u00e1szokat. Azt k\u00e9rte a munk\u00e1sokt\u00f3l, hogy mindenki hozza el meg\u00e9lhet\u00e9s\u00e9nek jelk\u00e9p\u00e9t a fot\u00f3z\u00e1sra: a hal\u00e1sz a h\u00e1l\u00f3j\u00e1t, az \u00e9tel\u00e1rus a v\u00e1ll\u00e1n egyens\u00falyozott v\u00f6dr\u00f6ket, a kisz\u00e1ll\u00edt\u00f3 a triciklij\u00e9t.<\/p>\n<p align=\"justify\">D\u00f3ka B\u00e9la nemzetk\u00f6zileg elismert fot\u00f3m\u0171v\u00e9sz, akinek munk\u00e1ss\u00e1g\u00e1t vil\u00e1gszerte rendezett ki\u00e1ll\u00edt\u00e1sokon ismerhette meg a nagyk\u00f6z\u00f6ns\u00e9g. Alkot\u00e1sair\u00f3l elismer\u0151 \u00edr\u00e1sok jelentek meg neves m\u00e9di\u00e1ban, mint pl. a The New York Times, Paris Match, Stern, Der Spiegel, Independent Magazine, Esquire, Guardian, Telegraph, El Pais, Le Monde Magazine, Marie Claire, Cosmopolitan, Photo, Eyemazing.<\/p>\n<\/div><\/section><br \/>\n\n<style type=\"text\/css\" data-created_by=\"avia_inline_auto\" id=\"style-css-av-azuwn-d75a666a5ad355bb847a1649d3c14485\">\n#top .avia-gallery.av-azuwn-d75a666a5ad355bb847a1649d3c14485 .avia-gallery-thumb a{\nwidth:33.3333%;\n}\n<\/style>\n<div  class='avia-gallery av-azuwn-d75a666a5ad355bb847a1649d3c14485 avia_animate_when_visible  avia-builder-el-8  el_after_av_textblock  avia-builder-el-last  avia_lazyload avia-gallery-animate avia-gallery-1'  itemprop=\"image\" itemscope=\"itemscope\" itemtype=\"https:\/\/schema.org\/ImageObject\" ><meta itemprop=\"contentURL\" content=\"http:\/\/dunamuzeum.hu\/index.php\/studio-panindigan\/\"><div class='avia-gallery-thumb'><a href=\"http:\/\/dunamuzeum.hu\/wp-content\/uploads\/2022\/11\/IMG_0247-1030x576.jpg\" data-srcset=\"http:\/\/dunamuzeum.hu\/wp-content\/uploads\/2022\/11\/IMG_0247-1030x576.jpg 1030w, http:\/\/dunamuzeum.hu\/wp-content\/uploads\/2022\/11\/IMG_0247-300x168.jpg 300w, http:\/\/dunamuzeum.hu\/wp-content\/uploads\/2022\/11\/IMG_0247-768x429.jpg 768w, http:\/\/dunamuzeum.hu\/wp-content\/uploads\/2022\/11\/IMG_0247-705x394.jpg 705w, http:\/\/dunamuzeum.hu\/wp-content\/uploads\/2022\/11\/IMG_0247.jpg 1200w\" data-sizes=\"(max-width: 1030px) 100vw, 1030px\" data-rel='gallery-1' data-prev-img='http:\/\/dunamuzeum.hu\/wp-content\/uploads\/2022\/11\/IMG_0247-495x400.jpg' class='first_thumb lightbox ' data-onclick='1' title='IMG_0247'  itemprop=\"thumbnailUrl\"  ><img decoding=\"async\" class=\"wp-image-1047 avia-img-lazy-loading-not-1047\"   src=\"http:\/\/dunamuzeum.hu\/wp-content\/uploads\/2022\/11\/IMG_0247.jpg\" width=\"1200\" height=\"671\"  title='IMG_0247' alt='' srcset=\"http:\/\/dunamuzeum.hu\/wp-content\/uploads\/2022\/11\/IMG_0247.jpg 1200w, http:\/\/dunamuzeum.hu\/wp-content\/uploads\/2022\/11\/IMG_0247-300x168.jpg 300w, http:\/\/dunamuzeum.hu\/wp-content\/uploads\/2022\/11\/IMG_0247-1030x576.jpg 1030w, http:\/\/dunamuzeum.hu\/wp-content\/uploads\/2022\/11\/IMG_0247-768x429.jpg 768w, http:\/\/dunamuzeum.hu\/wp-content\/uploads\/2022\/11\/IMG_0247-705x394.jpg 705w\" sizes=\"(max-width: 1200px) 100vw, 1200px\" \/><div class='big-prev-fake'><img decoding=\"async\" loading=\"lazy\" class=\"wp-image-1047 avia-img-lazy-loading-1047\"  width=\"495\" height=\"400\" src=\"http:\/\/dunamuzeum.hu\/wp-content\/uploads\/2022\/11\/IMG_0247-495x400.jpg\" title='IMG_0247' alt='' \/><\/div><\/a><a href=\"http:\/\/dunamuzeum.hu\/wp-content\/uploads\/2022\/11\/IMG_0255-1030x567.jpg\" data-srcset=\"http:\/\/dunamuzeum.hu\/wp-content\/uploads\/2022\/11\/IMG_0255-1030x567.jpg 1030w, http:\/\/dunamuzeum.hu\/wp-content\/uploads\/2022\/11\/IMG_0255-300x165.jpg 300w, http:\/\/dunamuzeum.hu\/wp-content\/uploads\/2022\/11\/IMG_0255-768x423.jpg 768w, http:\/\/dunamuzeum.hu\/wp-content\/uploads\/2022\/11\/IMG_0255-705x388.jpg 705w, http:\/\/dunamuzeum.hu\/wp-content\/uploads\/2022\/11\/IMG_0255.jpg 1200w\" data-sizes=\"(max-width: 1030px) 100vw, 1030px\" data-rel='gallery-1' data-prev-img='http:\/\/dunamuzeum.hu\/wp-content\/uploads\/2022\/11\/IMG_0255-495x400.jpg' class='lightbox ' data-onclick='2' title='IMG_0255'  itemprop=\"thumbnailUrl\"  ><img decoding=\"async\" class=\"wp-image-1048 avia-img-lazy-loading-not-1048\"   src=\"http:\/\/dunamuzeum.hu\/wp-content\/uploads\/2022\/11\/IMG_0255.jpg\" width=\"1200\" height=\"661\"  title='IMG_0255' alt='' srcset=\"http:\/\/dunamuzeum.hu\/wp-content\/uploads\/2022\/11\/IMG_0255.jpg 1200w, http:\/\/dunamuzeum.hu\/wp-content\/uploads\/2022\/11\/IMG_0255-300x165.jpg 300w, http:\/\/dunamuzeum.hu\/wp-content\/uploads\/2022\/11\/IMG_0255-1030x567.jpg 1030w, http:\/\/dunamuzeum.hu\/wp-content\/uploads\/2022\/11\/IMG_0255-768x423.jpg 768w, http:\/\/dunamuzeum.hu\/wp-content\/uploads\/2022\/11\/IMG_0255-705x388.jpg 705w\" sizes=\"(max-width: 1200px) 100vw, 1200px\" \/><div class='big-prev-fake'><img decoding=\"async\" loading=\"lazy\" class=\"wp-image-1048 avia-img-lazy-loading-1048\"  width=\"495\" height=\"400\" src=\"http:\/\/dunamuzeum.hu\/wp-content\/uploads\/2022\/11\/IMG_0255-495x400.jpg\" title='IMG_0255' alt='' \/><\/div><\/a><a href=\"http:\/\/dunamuzeum.hu\/wp-content\/uploads\/2022\/11\/IMG_0264-1030x628.jpg\" data-srcset=\"http:\/\/dunamuzeum.hu\/wp-content\/uploads\/2022\/11\/IMG_0264-1030x628.jpg 1030w, http:\/\/dunamuzeum.hu\/wp-content\/uploads\/2022\/11\/IMG_0264-300x183.jpg 300w, http:\/\/dunamuzeum.hu\/wp-content\/uploads\/2022\/11\/IMG_0264-768x468.jpg 768w, http:\/\/dunamuzeum.hu\/wp-content\/uploads\/2022\/11\/IMG_0264-705x430.jpg 705w, http:\/\/dunamuzeum.hu\/wp-content\/uploads\/2022\/11\/IMG_0264.jpg 1200w\" data-sizes=\"(max-width: 1030px) 100vw, 1030px\" data-rel='gallery-1' data-prev-img='http:\/\/dunamuzeum.hu\/wp-content\/uploads\/2022\/11\/IMG_0264-495x400.jpg' class='lightbox ' data-onclick='3' title='IMG_0264'  itemprop=\"thumbnailUrl\"  ><img decoding=\"async\" class=\"wp-image-1049 avia-img-lazy-loading-not-1049\"   src=\"http:\/\/dunamuzeum.hu\/wp-content\/uploads\/2022\/11\/IMG_0264.jpg\" width=\"1200\" height=\"732\"  title='IMG_0264' alt='' srcset=\"http:\/\/dunamuzeum.hu\/wp-content\/uploads\/2022\/11\/IMG_0264.jpg 1200w, http:\/\/dunamuzeum.hu\/wp-content\/uploads\/2022\/11\/IMG_0264-300x183.jpg 300w, http:\/\/dunamuzeum.hu\/wp-content\/uploads\/2022\/11\/IMG_0264-1030x628.jpg 1030w, http:\/\/dunamuzeum.hu\/wp-content\/uploads\/2022\/11\/IMG_0264-768x468.jpg 768w, http:\/\/dunamuzeum.hu\/wp-content\/uploads\/2022\/11\/IMG_0264-705x430.jpg 705w\" sizes=\"(max-width: 1200px) 100vw, 1200px\" \/><div class='big-prev-fake'><img decoding=\"async\" loading=\"lazy\" class=\"wp-image-1049 avia-img-lazy-loading-1049\"  width=\"495\" height=\"400\" src=\"http:\/\/dunamuzeum.hu\/wp-content\/uploads\/2022\/11\/IMG_0264-495x400.jpg\" title='IMG_0264' alt='' srcset=\"http:\/\/dunamuzeum.hu\/wp-content\/uploads\/2022\/11\/IMG_0264-495x400.jpg 495w, http:\/\/dunamuzeum.hu\/wp-content\/uploads\/2022\/11\/IMG_0264-845x684.jpg 845w\" sizes=\"(max-width: 495px) 100vw, 495px\" \/><\/div><\/a><\/div><\/div><\/p><\/div>\n","protected":false},"excerpt":{"rendered":"","protected":false},"author":1,"featured_media":0,"parent":0,"menu_order":0,"comment_status":"closed","ping_status":"closed","template":"","meta":[],"_links":{"self":[{"href":"http:\/\/dunamuzeum.hu\/index.php\/wp-json\/wp\/v2\/pages\/175"}],"collection":[{"href":"http:\/\/dunamuzeum.hu\/index.php\/wp-json\/wp\/v2\/pages"}],"about":[{"href":"http:\/\/dunamuzeum.hu\/index.php\/wp-json\/wp\/v2\/types\/page"}],"author":[{"embeddable":true,"href":"http:\/\/dunamuzeum.hu\/index.php\/wp-json\/wp\/v2\/users\/1"}],"replies":[{"embeddable":true,"href":"http:\/\/dunamuzeum.hu\/index.php\/wp-json\/wp\/v2\/comments?post=175"}],"version-history":[{"count":10,"href":"http:\/\/dunamuzeum.hu\/index.php\/wp-json\/wp\/v2\/pages\/175\/revisions"}],"predecessor-version":[{"id":2562,"href":"http:\/\/dunamuzeum.hu\/index.php\/wp-json\/wp\/v2\/pages\/175\/revisions\/2562"}],"wp:attachment":[{"href":"http:\/\/dunamuzeum.hu\/index.php\/wp-json\/wp\/v2\/media?parent=175"}],"curies":[{"name":"wp","href":"https:\/\/api.w.org\/{rel}","templated":true}]}}