{"id":176,"date":"2021-06-25T13:52:11","date_gmt":"2021-06-25T11:52:11","guid":{"rendered":"http:\/\/dunamuzeum2.ovf.hu\/?page_id=176"},"modified":"2022-11-14T12:29:38","modified_gmt":"2022-11-14T10:29:38","slug":"latvanytar","status":"publish","type":"page","link":"http:\/\/dunamuzeum.hu\/index.php\/latvanytar\/","title":{"rendered":"L\u00e1tv\u00e1nyt\u00e1r"},"content":{"rendered":"<div id='full_slider_1'  class='avia-fullwidth-slider main_color avia-shadow   avia-builder-el-0  el_before_av_section  avia-builder-el-first   container_wrap fullsize'  ><div  class='avia-slideshow av-11yh1c-e1ce6d945815048071e60218b5f4c2cd av-control-default avia-slideshow-no scaling av_slideshow_full avia-slide-slider av-default-height-applied   avia-slideshow-1'  data-size='no scaling'  data-lightbox_size='large'  data-animation='slide'  data-conditional_play=''  data-ids='814'  data-video_counter='0'  data-autoplay='false'  data-bg_slider='false'  data-slide_height=''  data-handle='av_slideshow_full'  data-interval='5'  data-class=''  data-extra_class=' '  data-el_id=''  data-css_id=''  data-scroll_down=''  data-control_layout='av-control-default'  data-custom_markup=''  data-perma_caption=''  data-autoplay_stopper=''  data-image_attachment=''  data-min_height='0px'  data-lazy_loading='disabled'  data-default-height='41.322314049587'  data-stretch=''  data-src=''  data-position='top left'  data-repeat='no-repeat'  data-attach='scroll'  data-img_scrset=''  data-av-desktop-hide=''  data-av-medium-hide=''  data-av-small-hide=''  data-av-mini-hide=''  data-id=''  data-custom_class=''  data-template_class=''  data-av_uid='av-11yh1c'  data-sc_version='1.0'  data-heading_tag=''  data-heading_class=''   itemprop=\"image\" itemscope=\"itemscope\" itemtype=\"https:\/\/schema.org\/ImageObject\" ><ul class='avia-slideshow-inner ' style='padding-bottom: 41.322314049587%;'><li  class='avia-slideshow-slide av-11yh1c-e1ce6d945815048071e60218b5f4c2cd__0  av-single-slide slide-1 ' ><div data-rel='slideshow-1' class='avia-slide-wrap '   ><div class='av-slideshow-caption av-11yh1c-e1ce6d945815048071e60218b5f4c2cd__0 caption_fullwidth caption_bottom'><div class=\"container caption_container\"><div class=\"slideshow_caption\"><div class=\"slideshow_inner_caption\"><div class=\"slideshow_align_caption\"><h2 class='avia-caption-title '  itemprop=\"name\" >L\u00e1tv\u00e1nyt\u00e1r<\/h2><\/div><\/div><\/div><\/div><\/div><img decoding=\"async\" class=\"wp-image-814 avia-img-lazy-loading-not-814\"  src=\"http:\/\/dunamuzeum.hu\/wp-content\/uploads\/2022\/08\/hero7A-1.jpg\" width=\"1210\" height=\"500\" title='hero7A' alt=''  itemprop=\"thumbnailUrl\" srcset=\"http:\/\/dunamuzeum.hu\/wp-content\/uploads\/2022\/08\/hero7A-1.jpg 1210w, http:\/\/dunamuzeum.hu\/wp-content\/uploads\/2022\/08\/hero7A-1-300x124.jpg 300w, http:\/\/dunamuzeum.hu\/wp-content\/uploads\/2022\/08\/hero7A-1-1030x426.jpg 1030w, http:\/\/dunamuzeum.hu\/wp-content\/uploads\/2022\/08\/hero7A-1-768x317.jpg 768w, http:\/\/dunamuzeum.hu\/wp-content\/uploads\/2022\/08\/hero7A-1-705x291.jpg 705w\" sizes=\"(max-width: 1210px) 100vw, 1210px\" \/><\/div><\/li><\/ul><\/div><\/div>\n<div id='av_section_1'  class='avia-section av-qqga8-afa6467973182eb6664207ecddbf106a main_color avia-section-default avia-no-border-styling  avia-builder-el-1  el_after_av_slideshow_full  avia-builder-el-last  avia-bg-style-scroll container_wrap fullsize'  ><div class='container av-section-cont-open' ><div class='template-page content  av-content-full alpha units'><div class='post-entry post-entry-type-page post-entry-176'><div class='entry-content-wrapper clearfix'>\n\n<style type=\"text\/css\" data-created_by=\"avia_inline_auto\" id=\"style-css-av-mcxrc-e48932f15c3f86b3e474a626677a6238\">\n#top .hr.hr-invisible.av-mcxrc-e48932f15c3f86b3e474a626677a6238{\nheight:50px;\n}\n<\/style>\n<div  class='hr av-mcxrc-e48932f15c3f86b3e474a626677a6238 hr-invisible  avia-builder-el-2  el_before_av_one_third  avia-builder-el-first '><span class='hr-inner '><span class=\"hr-inner-style\"><\/span><\/span><\/div>\n<div class='flex_column av-135uw-9391902ecdc7d133884fa0ef49f02559 av_one_third  avia-builder-el-3  el_after_av_hr  el_before_av_two_third  first flex_column_div '   ><style type=\"text\/css\" data-created_by=\"avia_inline_auto\" id=\"style-css-av-lagmyaee-60c5ef8e574f7ccf14ab5b104199b693\">\n#top .av-special-heading.av-lagmyaee-60c5ef8e574f7ccf14ab5b104199b693{\npadding-bottom:10px;\n}\nbody .av-special-heading.av-lagmyaee-60c5ef8e574f7ccf14ab5b104199b693 .av-special-heading-tag .heading-char{\nfont-size:25px;\n}\n.av-special-heading.av-lagmyaee-60c5ef8e574f7ccf14ab5b104199b693 .av-subheading{\nfont-size:15px;\n}\n<\/style>\n<div  class='av-special-heading av-lagmyaee-60c5ef8e574f7ccf14ab5b104199b693 av-special-heading-h3 blockquote modern-quote  avia-builder-el-4  avia-builder-el-no-sibling '><h3 class='av-special-heading-tag'  itemprop=\"headline\"  >L\u00e1tv\u00e1nyt\u00e1runk k\u00fcl\u00f6nleges v\u00e1logat\u00e1sa nem a megszokott m\u00f3don mutatja be soksz\u00edn\u0171 gy\u0171jtem\u00e9ny\u00fcnket: \u00faj dimenzi\u00f3kat nyit, megismer\u00e9sre sarkall, lehet\u0151s\u00e9get teremt az \u00f6n\u00e1ll\u00f3 felfedez\u00e9sre, de k\u00f6z\u00f6s \u00e9lm\u00e9nyekkel is gazdagodhatunk.<\/h3><div class=\"special-heading-border\"><div class=\"special-heading-inner-border\"><\/div><\/div><\/div><\/div><div class='flex_column av-86zqg-5e1c5dfd51e3fa95f759921ef4742931 av_two_third  avia-builder-el-5  el_after_av_one_third  avia-builder-el-last  flex_column_div '   ><p><section  class='av_textblock_section av-l5i5vviu-c2e2fbbd9bb7d9b448ebe3ee1b5a92ad'  itemscope=\"itemscope\" itemtype=\"https:\/\/schema.org\/CreativeWork\" ><div class='avia_textblock'  itemprop=\"text\" ><p><span style=\"font-weight: 400;\">L\u00e1tv\u00e1nyrakt\u00e1runkban a l\u00e1togat\u00f3k k\u00e9pet kaphatnak a m\u00fazeumi gy\u0171jtem\u00e9ny sokf\u00e9les\u00e9g\u00e9r\u0151l, valamint az itt elhelyezett t\u00e1rgyi, k\u00e9peslap-, t\u00e9rk\u00e9p- \u00e9s \u00e9remanyag, illetve a Sz\u00e9chenyi-iratok gy\u0171jtem\u00e9ny\u00e9nek egy r\u00e9sze is megismerhet\u0151v\u00e9 v\u00e1lik. A digit\u00e1lis k\u00e9peslapgy\u0171jtem\u00e9nyben nemcsak b\u00f6ng\u00e9szni lehet, hanem a r\u00e9gi lapok felhaszn\u00e1l\u00e1s\u00e1val \u00fcdv\u00f6zletet is k\u00fcldhetnek a m\u00fazeumb\u00f3l a l\u00e1togat\u00f3k.<\/span><\/p>\n<p><span style=\"font-weight: 400;\">A gy\u0171jtem\u00e9ny egyik k\u00fcl\u00f6nleges darabja, a V\u00f6r\u00f6s L\u00e1szl\u00f3-f\u00e9le, 1833-ban k\u00e9sz\u00fclt t\u00e9rk\u00e9p. Digit\u00e1lis v\u00e1ltozat\u00e1t haszn\u00e1lva, a legmodernebb informatikai, t\u00e9rk\u00e9pi m\u00f3dszerekkel egyszerre lehet kalandozni az egykori \u00e9s a mai Budapesten.<\/span><\/p>\n<p><span style=\"font-weight: 400;\">A l\u00e1togat\u00f3knak \u00e9rdemes a l\u00e1buk al\u00e1 is n\u00e9zni: az \u00fcvegpadl\u00f3 alatt olyan t\u00e1rgy-egy\u00fcttest vehetnek szem\u00fcgyre, amelynek egyes darabjai eredetileg is a padl\u00f3szint alatt voltak haszn\u00e1latosak. Ilyenek az \u00f3- \u00e9s k\u00f6z\u00e9pkorb\u00f3l sz\u00e1rmaz\u00f3 v\u00edzvezet\u00e9kcs\u00f6vek vagy 20. sz\u00e1zad elej\u00e9n elterjedt v\u00edz\u00f3r\u00e1k.<\/span><\/p>\n<p><span style=\"font-weight: 400;\">A m\u00fazeum \u00e9s a m\u00fazeumi munka jobb megismer\u00e9s\u00e9t szolg\u00e1lj\u00e1k egy m\u00e1sik \u00e9rint\u0151k\u00e9perny\u0151s panelen megjelen\u0151 gy\u0171jtem\u00e9nyi ismertet\u0151k. Itt m\u00e1r a j\u00e1t\u00e9k is szerepet kap, a l\u00e1togat\u00f3 virtu\u00e1lis muzeol\u00f3gusk\u00e9nt rakhatja a megfelel\u0151 gy\u0171jtem\u00e9nyekbe a v\u00e9letlenszer\u0171en megjelen\u0151 t\u00e1rgyakat, dokumentumokat, f\u00e9nyk\u00e9peket.<\/span><span style=\"font-weight: 400;\"><br \/>\n<\/span><span style=\"font-weight: 400;\">A l\u00e1togat\u00f3k a val\u00f3di m\u0171t\u00e1rgyrakt\u00e1rba is bel\u00e9phetnek, a t\u00f6m\u00f6rrakt\u00e1ri rendszer k\u00e9t polc\u00e1n f\u00fcgg\u0151legesen \u00e9s v\u00edzszintesen cs\u00fasztathat\u00f3 monitorral sz\u00f6veges \u00e9s k\u00e9pi anyagok \u00e9rhet\u0151k el, melyek a t\u00e1rgy haszn\u00e1lat\u00e1nak, jellegzetess\u00e9geinek meg\u00e9rt\u00e9s\u00e9t teszik k\u00f6nnyebb\u00e9.<\/span><\/p>\n<\/div><\/section><br \/>\n\n<style type=\"text\/css\" data-created_by=\"avia_inline_auto\" id=\"style-css-av-l5i5wwz4-faa969a18a138fe57c105a107e80fb6b\">\n#top .avia-gallery.av-l5i5wwz4-faa969a18a138fe57c105a107e80fb6b .avia-gallery-thumb a{\nwidth:33.3333%;\n}\n<\/style>\n<div  class='avia-gallery av-l5i5wwz4-faa969a18a138fe57c105a107e80fb6b avia_animate_when_visible  avia-builder-el-7  el_after_av_textblock  avia-builder-el-last  avia_lazyload avia-gallery-animate avia-gallery-1'  itemprop=\"image\" itemscope=\"itemscope\" itemtype=\"https:\/\/schema.org\/ImageObject\" ><meta itemprop=\"contentURL\" content=\"http:\/\/dunamuzeum.hu\/index.php\/latvanytar\/\"><div class='avia-gallery-thumb'><a href=\"http:\/\/dunamuzeum.hu\/wp-content\/uploads\/2022\/11\/IMG_9248-1030x687.jpg\" data-srcset=\"http:\/\/dunamuzeum.hu\/wp-content\/uploads\/2022\/11\/IMG_9248-1030x687.jpg 1030w, http:\/\/dunamuzeum.hu\/wp-content\/uploads\/2022\/11\/IMG_9248-300x200.jpg 300w, http:\/\/dunamuzeum.hu\/wp-content\/uploads\/2022\/11\/IMG_9248-768x512.jpg 768w, http:\/\/dunamuzeum.hu\/wp-content\/uploads\/2022\/11\/IMG_9248-705x470.jpg 705w, http:\/\/dunamuzeum.hu\/wp-content\/uploads\/2022\/11\/IMG_9248.jpg 1200w\" data-sizes=\"(max-width: 1030px) 100vw, 1030px\" data-rel='gallery-1' data-prev-img='http:\/\/dunamuzeum.hu\/wp-content\/uploads\/2022\/11\/IMG_9248-495x400.jpg' class='first_thumb lightbox ' data-onclick='1' title='IMG_9248'  itemprop=\"thumbnailUrl\"  ><img decoding=\"async\" class=\"wp-image-1043 avia-img-lazy-loading-not-1043\"   src=\"http:\/\/dunamuzeum.hu\/wp-content\/uploads\/2022\/11\/IMG_9248.jpg\" width=\"1200\" height=\"800\"  title='IMG_9248' alt='' srcset=\"http:\/\/dunamuzeum.hu\/wp-content\/uploads\/2022\/11\/IMG_9248.jpg 1200w, http:\/\/dunamuzeum.hu\/wp-content\/uploads\/2022\/11\/IMG_9248-300x200.jpg 300w, http:\/\/dunamuzeum.hu\/wp-content\/uploads\/2022\/11\/IMG_9248-1030x687.jpg 1030w, http:\/\/dunamuzeum.hu\/wp-content\/uploads\/2022\/11\/IMG_9248-768x512.jpg 768w, http:\/\/dunamuzeum.hu\/wp-content\/uploads\/2022\/11\/IMG_9248-705x470.jpg 705w\" sizes=\"(max-width: 1200px) 100vw, 1200px\" \/><div class='big-prev-fake'><img decoding=\"async\" loading=\"lazy\" class=\"wp-image-1043 avia-img-lazy-loading-1043\"  width=\"495\" height=\"400\" src=\"http:\/\/dunamuzeum.hu\/wp-content\/uploads\/2022\/11\/IMG_9248-495x400.jpg\" title='IMG_9248' alt='' srcset=\"http:\/\/dunamuzeum.hu\/wp-content\/uploads\/2022\/11\/IMG_9248-495x400.jpg 495w, http:\/\/dunamuzeum.hu\/wp-content\/uploads\/2022\/11\/IMG_9248-845x684.jpg 845w\" sizes=\"(max-width: 495px) 100vw, 495px\" \/><\/div><\/a><a href=\"http:\/\/dunamuzeum.hu\/wp-content\/uploads\/2022\/11\/IMG_9242-1030x687.jpg\" data-srcset=\"http:\/\/dunamuzeum.hu\/wp-content\/uploads\/2022\/11\/IMG_9242-1030x687.jpg 1030w, http:\/\/dunamuzeum.hu\/wp-content\/uploads\/2022\/11\/IMG_9242-300x200.jpg 300w, http:\/\/dunamuzeum.hu\/wp-content\/uploads\/2022\/11\/IMG_9242-768x512.jpg 768w, http:\/\/dunamuzeum.hu\/wp-content\/uploads\/2022\/11\/IMG_9242-705x470.jpg 705w, http:\/\/dunamuzeum.hu\/wp-content\/uploads\/2022\/11\/IMG_9242.jpg 1200w\" data-sizes=\"(max-width: 1030px) 100vw, 1030px\" data-rel='gallery-1' data-prev-img='http:\/\/dunamuzeum.hu\/wp-content\/uploads\/2022\/11\/IMG_9242-495x400.jpg' class='lightbox ' data-onclick='2' title='IMG_9242'  itemprop=\"thumbnailUrl\"  ><img decoding=\"async\" class=\"wp-image-1042 avia-img-lazy-loading-not-1042\"   src=\"http:\/\/dunamuzeum.hu\/wp-content\/uploads\/2022\/11\/IMG_9242.jpg\" width=\"1200\" height=\"800\"  title='IMG_9242' alt='' srcset=\"http:\/\/dunamuzeum.hu\/wp-content\/uploads\/2022\/11\/IMG_9242.jpg 1200w, http:\/\/dunamuzeum.hu\/wp-content\/uploads\/2022\/11\/IMG_9242-300x200.jpg 300w, http:\/\/dunamuzeum.hu\/wp-content\/uploads\/2022\/11\/IMG_9242-1030x687.jpg 1030w, http:\/\/dunamuzeum.hu\/wp-content\/uploads\/2022\/11\/IMG_9242-768x512.jpg 768w, http:\/\/dunamuzeum.hu\/wp-content\/uploads\/2022\/11\/IMG_9242-705x470.jpg 705w\" sizes=\"(max-width: 1200px) 100vw, 1200px\" \/><div class='big-prev-fake'><img decoding=\"async\" loading=\"lazy\" class=\"wp-image-1042 avia-img-lazy-loading-1042\"  width=\"495\" height=\"400\" src=\"http:\/\/dunamuzeum.hu\/wp-content\/uploads\/2022\/11\/IMG_9242-495x400.jpg\" title='IMG_9242' alt='' srcset=\"http:\/\/dunamuzeum.hu\/wp-content\/uploads\/2022\/11\/IMG_9242-495x400.jpg 495w, http:\/\/dunamuzeum.hu\/wp-content\/uploads\/2022\/11\/IMG_9242-845x684.jpg 845w\" sizes=\"(max-width: 495px) 100vw, 495px\" \/><\/div><\/a><a href=\"http:\/\/dunamuzeum.hu\/wp-content\/uploads\/2022\/11\/IMG_9239-1030x687.jpg\" data-srcset=\"http:\/\/dunamuzeum.hu\/wp-content\/uploads\/2022\/11\/IMG_9239-1030x687.jpg 1030w, http:\/\/dunamuzeum.hu\/wp-content\/uploads\/2022\/11\/IMG_9239-300x200.jpg 300w, http:\/\/dunamuzeum.hu\/wp-content\/uploads\/2022\/11\/IMG_9239-768x512.jpg 768w, http:\/\/dunamuzeum.hu\/wp-content\/uploads\/2022\/11\/IMG_9239-705x470.jpg 705w, http:\/\/dunamuzeum.hu\/wp-content\/uploads\/2022\/11\/IMG_9239.jpg 1200w\" data-sizes=\"(max-width: 1030px) 100vw, 1030px\" data-rel='gallery-1' data-prev-img='http:\/\/dunamuzeum.hu\/wp-content\/uploads\/2022\/11\/IMG_9239-495x400.jpg' class='lightbox ' data-onclick='3' title='IMG_9239'  itemprop=\"thumbnailUrl\"  ><img decoding=\"async\" class=\"wp-image-1041 avia-img-lazy-loading-not-1041\"   src=\"http:\/\/dunamuzeum.hu\/wp-content\/uploads\/2022\/11\/IMG_9239.jpg\" width=\"1200\" height=\"800\"  title='IMG_9239' alt='' srcset=\"http:\/\/dunamuzeum.hu\/wp-content\/uploads\/2022\/11\/IMG_9239.jpg 1200w, http:\/\/dunamuzeum.hu\/wp-content\/uploads\/2022\/11\/IMG_9239-300x200.jpg 300w, http:\/\/dunamuzeum.hu\/wp-content\/uploads\/2022\/11\/IMG_9239-1030x687.jpg 1030w, http:\/\/dunamuzeum.hu\/wp-content\/uploads\/2022\/11\/IMG_9239-768x512.jpg 768w, http:\/\/dunamuzeum.hu\/wp-content\/uploads\/2022\/11\/IMG_9239-705x470.jpg 705w\" sizes=\"(max-width: 1200px) 100vw, 1200px\" \/><div class='big-prev-fake'><img decoding=\"async\" loading=\"lazy\" class=\"wp-image-1041 avia-img-lazy-loading-1041\"  width=\"495\" height=\"400\" src=\"http:\/\/dunamuzeum.hu\/wp-content\/uploads\/2022\/11\/IMG_9239-495x400.jpg\" title='IMG_9239' alt='' srcset=\"http:\/\/dunamuzeum.hu\/wp-content\/uploads\/2022\/11\/IMG_9239-495x400.jpg 495w, http:\/\/dunamuzeum.hu\/wp-content\/uploads\/2022\/11\/IMG_9239-845x684.jpg 845w\" sizes=\"(max-width: 495px) 100vw, 495px\" \/><\/div><\/a><a href=\"http:\/\/dunamuzeum.hu\/wp-content\/uploads\/2022\/11\/IMG_9223-1030x687.jpg\" data-srcset=\"http:\/\/dunamuzeum.hu\/wp-content\/uploads\/2022\/11\/IMG_9223-1030x687.jpg 1030w, http:\/\/dunamuzeum.hu\/wp-content\/uploads\/2022\/11\/IMG_9223-300x200.jpg 300w, http:\/\/dunamuzeum.hu\/wp-content\/uploads\/2022\/11\/IMG_9223-768x512.jpg 768w, http:\/\/dunamuzeum.hu\/wp-content\/uploads\/2022\/11\/IMG_9223-705x470.jpg 705w, http:\/\/dunamuzeum.hu\/wp-content\/uploads\/2022\/11\/IMG_9223.jpg 1200w\" data-sizes=\"(max-width: 1030px) 100vw, 1030px\" data-rel='gallery-1' data-prev-img='http:\/\/dunamuzeum.hu\/wp-content\/uploads\/2022\/11\/IMG_9223-495x400.jpg' class='first_thumb lightbox ' data-onclick='4' title='IMG_9223'  itemprop=\"thumbnailUrl\"  ><img decoding=\"async\" class=\"wp-image-1040 avia-img-lazy-loading-not-1040\"   src=\"http:\/\/dunamuzeum.hu\/wp-content\/uploads\/2022\/11\/IMG_9223.jpg\" width=\"1200\" height=\"800\"  title='IMG_9223' alt='' srcset=\"http:\/\/dunamuzeum.hu\/wp-content\/uploads\/2022\/11\/IMG_9223.jpg 1200w, http:\/\/dunamuzeum.hu\/wp-content\/uploads\/2022\/11\/IMG_9223-300x200.jpg 300w, http:\/\/dunamuzeum.hu\/wp-content\/uploads\/2022\/11\/IMG_9223-1030x687.jpg 1030w, http:\/\/dunamuzeum.hu\/wp-content\/uploads\/2022\/11\/IMG_9223-768x512.jpg 768w, http:\/\/dunamuzeum.hu\/wp-content\/uploads\/2022\/11\/IMG_9223-705x470.jpg 705w\" sizes=\"(max-width: 1200px) 100vw, 1200px\" \/><div class='big-prev-fake'><img decoding=\"async\" loading=\"lazy\" class=\"wp-image-1040 avia-img-lazy-loading-1040\"  width=\"495\" height=\"400\" src=\"http:\/\/dunamuzeum.hu\/wp-content\/uploads\/2022\/11\/IMG_9223-495x400.jpg\" title='IMG_9223' alt='' srcset=\"http:\/\/dunamuzeum.hu\/wp-content\/uploads\/2022\/11\/IMG_9223-495x400.jpg 495w, http:\/\/dunamuzeum.hu\/wp-content\/uploads\/2022\/11\/IMG_9223-845x684.jpg 845w\" sizes=\"(max-width: 495px) 100vw, 495px\" \/><\/div><\/a><a href=\"http:\/\/dunamuzeum.hu\/wp-content\/uploads\/2022\/11\/IMG_9220-1030x687.jpg\" data-srcset=\"http:\/\/dunamuzeum.hu\/wp-content\/uploads\/2022\/11\/IMG_9220-1030x687.jpg 1030w, http:\/\/dunamuzeum.hu\/wp-content\/uploads\/2022\/11\/IMG_9220-300x200.jpg 300w, http:\/\/dunamuzeum.hu\/wp-content\/uploads\/2022\/11\/IMG_9220-768x512.jpg 768w, http:\/\/dunamuzeum.hu\/wp-content\/uploads\/2022\/11\/IMG_9220-705x470.jpg 705w, http:\/\/dunamuzeum.hu\/wp-content\/uploads\/2022\/11\/IMG_9220.jpg 1200w\" data-sizes=\"(max-width: 1030px) 100vw, 1030px\" data-rel='gallery-1' data-prev-img='http:\/\/dunamuzeum.hu\/wp-content\/uploads\/2022\/11\/IMG_9220-495x400.jpg' class='lightbox ' data-onclick='5' title='IMG_9220'  itemprop=\"thumbnailUrl\"  ><img decoding=\"async\" class=\"wp-image-1039 avia-img-lazy-loading-not-1039\"   src=\"http:\/\/dunamuzeum.hu\/wp-content\/uploads\/2022\/11\/IMG_9220.jpg\" width=\"1200\" height=\"800\"  title='IMG_9220' alt='' srcset=\"http:\/\/dunamuzeum.hu\/wp-content\/uploads\/2022\/11\/IMG_9220.jpg 1200w, http:\/\/dunamuzeum.hu\/wp-content\/uploads\/2022\/11\/IMG_9220-300x200.jpg 300w, http:\/\/dunamuzeum.hu\/wp-content\/uploads\/2022\/11\/IMG_9220-1030x687.jpg 1030w, http:\/\/dunamuzeum.hu\/wp-content\/uploads\/2022\/11\/IMG_9220-768x512.jpg 768w, http:\/\/dunamuzeum.hu\/wp-content\/uploads\/2022\/11\/IMG_9220-705x470.jpg 705w\" sizes=\"(max-width: 1200px) 100vw, 1200px\" \/><div class='big-prev-fake'><img decoding=\"async\" loading=\"lazy\" class=\"wp-image-1039 avia-img-lazy-loading-1039\"  width=\"495\" height=\"400\" src=\"http:\/\/dunamuzeum.hu\/wp-content\/uploads\/2022\/11\/IMG_9220-495x400.jpg\" title='IMG_9220' alt='' srcset=\"http:\/\/dunamuzeum.hu\/wp-content\/uploads\/2022\/11\/IMG_9220-495x400.jpg 495w, http:\/\/dunamuzeum.hu\/wp-content\/uploads\/2022\/11\/IMG_9220-845x684.jpg 845w\" sizes=\"(max-width: 495px) 100vw, 495px\" \/><\/div><\/a><a href=\"http:\/\/dunamuzeum.hu\/wp-content\/uploads\/2022\/11\/IMG_9217-1030x687.jpg\" data-srcset=\"http:\/\/dunamuzeum.hu\/wp-content\/uploads\/2022\/11\/IMG_9217-1030x687.jpg 1030w, http:\/\/dunamuzeum.hu\/wp-content\/uploads\/2022\/11\/IMG_9217-300x200.jpg 300w, http:\/\/dunamuzeum.hu\/wp-content\/uploads\/2022\/11\/IMG_9217-768x512.jpg 768w, http:\/\/dunamuzeum.hu\/wp-content\/uploads\/2022\/11\/IMG_9217-705x470.jpg 705w, http:\/\/dunamuzeum.hu\/wp-content\/uploads\/2022\/11\/IMG_9217.jpg 1200w\" data-sizes=\"(max-width: 1030px) 100vw, 1030px\" data-rel='gallery-1' data-prev-img='http:\/\/dunamuzeum.hu\/wp-content\/uploads\/2022\/11\/IMG_9217-495x400.jpg' class='lightbox ' data-onclick='6' title='IMG_9217'  itemprop=\"thumbnailUrl\"  ><img decoding=\"async\" class=\"wp-image-1038 avia-img-lazy-loading-not-1038\"   src=\"http:\/\/dunamuzeum.hu\/wp-content\/uploads\/2022\/11\/IMG_9217.jpg\" width=\"1200\" height=\"800\"  title='IMG_9217' alt='' srcset=\"http:\/\/dunamuzeum.hu\/wp-content\/uploads\/2022\/11\/IMG_9217.jpg 1200w, http:\/\/dunamuzeum.hu\/wp-content\/uploads\/2022\/11\/IMG_9217-300x200.jpg 300w, http:\/\/dunamuzeum.hu\/wp-content\/uploads\/2022\/11\/IMG_9217-1030x687.jpg 1030w, http:\/\/dunamuzeum.hu\/wp-content\/uploads\/2022\/11\/IMG_9217-768x512.jpg 768w, http:\/\/dunamuzeum.hu\/wp-content\/uploads\/2022\/11\/IMG_9217-705x470.jpg 705w\" sizes=\"(max-width: 1200px) 100vw, 1200px\" \/><div class='big-prev-fake'><img decoding=\"async\" loading=\"lazy\" class=\"wp-image-1038 avia-img-lazy-loading-1038\"  width=\"495\" height=\"400\" src=\"http:\/\/dunamuzeum.hu\/wp-content\/uploads\/2022\/11\/IMG_9217-495x400.jpg\" title='IMG_9217' alt='' srcset=\"http:\/\/dunamuzeum.hu\/wp-content\/uploads\/2022\/11\/IMG_9217-495x400.jpg 495w, http:\/\/dunamuzeum.hu\/wp-content\/uploads\/2022\/11\/IMG_9217-845x684.jpg 845w\" sizes=\"(max-width: 495px) 100vw, 495px\" \/><\/div><\/a><\/div><\/div><\/p><\/div>\n","protected":false},"excerpt":{"rendered":"","protected":false},"author":1,"featured_media":0,"parent":0,"menu_order":0,"comment_status":"closed","ping_status":"closed","template":"","meta":[],"_links":{"self":[{"href":"http:\/\/dunamuzeum.hu\/index.php\/wp-json\/wp\/v2\/pages\/176"}],"collection":[{"href":"http:\/\/dunamuzeum.hu\/index.php\/wp-json\/wp\/v2\/pages"}],"about":[{"href":"http:\/\/dunamuzeum.hu\/index.php\/wp-json\/wp\/v2\/types\/page"}],"author":[{"embeddable":true,"href":"http:\/\/dunamuzeum.hu\/index.php\/wp-json\/wp\/v2\/users\/1"}],"replies":[{"embeddable":true,"href":"http:\/\/dunamuzeum.hu\/index.php\/wp-json\/wp\/v2\/comments?post=176"}],"version-history":[{"count":7,"href":"http:\/\/dunamuzeum.hu\/index.php\/wp-json\/wp\/v2\/pages\/176\/revisions"}],"predecessor-version":[{"id":1044,"href":"http:\/\/dunamuzeum.hu\/index.php\/wp-json\/wp\/v2\/pages\/176\/revisions\/1044"}],"wp:attachment":[{"href":"http:\/\/dunamuzeum.hu\/index.php\/wp-json\/wp\/v2\/media?parent=176"}],"curies":[{"name":"wp","href":"https:\/\/api.w.org\/{rel}","templated":true}]}}