{"id":222,"date":"2021-06-25T14:34:30","date_gmt":"2021-06-25T12:34:30","guid":{"rendered":"http:\/\/dunamuzeum2.ovf.hu\/?page_id=222"},"modified":"2022-10-26T10:09:38","modified_gmt":"2022-10-26T08:09:38","slug":"konyvtari-gyujtemenyek","status":"publish","type":"page","link":"http:\/\/dunamuzeum.hu\/index.php\/konyvtari-gyujtemenyek\/","title":{"rendered":"K\u00f6nyvt\u00e1ri gy\u0171jtem\u00e9nyek"},"content":{"rendered":"<div id='av_section_1'  class='avia-section av-xe0jq-15f6986dc49991b95f56e939388b13f5 main_color avia-section-default avia-no-border-styling  avia-builder-el-0  el_before_av_section  avia-builder-el-first  avia-bg-style-scroll container_wrap fullsize'  ><div class='container av-section-cont-open' ><main  role=\"main\" itemprop=\"mainContentOfPage\"  class='template-page content  av-content-full alpha units'><div class='post-entry post-entry-type-page post-entry-222'><div class='entry-content-wrapper clearfix'>\n\n<style type=\"text\/css\" data-created_by=\"avia_inline_auto\" id=\"style-css-av-l9hdwfl8-6353f95e8a98692814b00a91f3cacbab\">\n#top .av-special-heading.av-l9hdwfl8-6353f95e8a98692814b00a91f3cacbab{\npadding-bottom:10px;\n}\nbody .av-special-heading.av-l9hdwfl8-6353f95e8a98692814b00a91f3cacbab .av-special-heading-tag .heading-char{\nfont-size:25px;\n}\n.av-special-heading.av-l9hdwfl8-6353f95e8a98692814b00a91f3cacbab .av-subheading{\nfont-size:15px;\n}\n<\/style>\n<div  class='av-special-heading av-l9hdwfl8-6353f95e8a98692814b00a91f3cacbab av-special-heading-h2 blockquote modern-quote  avia-builder-el-1  avia-builder-el-no-sibling '><h2 class='av-special-heading-tag'  itemprop=\"headline\"  >K\u00f6nyvt\u00e1ri gy\u0171jtem\u00e9nyek<\/h2><div class=\"special-heading-border\"><div class=\"special-heading-inner-border\"><\/div><\/div><\/div>\n<\/div><\/div><\/main><!-- close content main element --><\/div><\/div><div id='av_section_2'  class='avia-section av-puh32-29d983c9f115c1d153e8f59297007a4d main_color avia-section-default avia-no-border-styling  avia-builder-el-2  el_after_av_section  avia-builder-el-last  avia-bg-style-scroll container_wrap fullsize'  ><div class='container av-section-cont-open' ><div class='template-page content  av-content-full alpha units'><div class='post-entry post-entry-type-page post-entry-222'><div class='entry-content-wrapper clearfix'>\n\n<style type=\"text\/css\" data-created_by=\"avia_inline_auto\" id=\"style-css-av-28dou-08406dca38e1223b3d9df4a0a99a7bbb\">\n#top .hr.hr-invisible.av-28dou-08406dca38e1223b3d9df4a0a99a7bbb{\nheight:50px;\n}\n<\/style>\n<div  class='hr av-28dou-08406dca38e1223b3d9df4a0a99a7bbb hr-invisible  avia-builder-el-3  el_before_av_one_third  avia-builder-el-first '><span class='hr-inner '><span class=\"hr-inner-style\"><\/span><\/span><\/div>\n<div class='flex_column av-dggra-a689bb2d253dad77f06672a62e33c784 av_one_third  avia-builder-el-4  el_after_av_hr  el_before_av_two_third  first flex_column_div '   ><style type=\"text\/css\" data-created_by=\"avia_inline_auto\" id=\"style-css-av-l9hdx40z-7dca9575e0cb070aeec66b68061c197d\">\n#top .av-special-heading.av-l9hdx40z-7dca9575e0cb070aeec66b68061c197d{\npadding-bottom:10px;\n}\nbody .av-special-heading.av-l9hdx40z-7dca9575e0cb070aeec66b68061c197d .av-special-heading-tag .heading-char{\nfont-size:25px;\n}\n.av-special-heading.av-l9hdx40z-7dca9575e0cb070aeec66b68061c197d .av-subheading{\nfont-size:15px;\n}\n<\/style>\n<div  class='av-special-heading av-l9hdx40z-7dca9575e0cb070aeec66b68061c197d av-special-heading-h3 blockquote modern-quote  avia-builder-el-5  avia-builder-el-no-sibling '><h3 class='av-special-heading-tag'  itemprop=\"headline\"  >M\u00fazeumunk k\u00f6nyvt\u00e1ri gy\u0171jtem\u00e9ny\u00e9nek adatb\u00e1zisa az interneten kereszt\u00fcl is el\u00e9rhet\u0151<\/h3><div class=\"special-heading-border\"><div class=\"special-heading-inner-border\"><\/div><\/div><\/div><\/div><div class='flex_column av-8fxj2-80920631cd3f0deb5ae3216a1cb5c748 av_two_third  avia-builder-el-6  el_after_av_one_third  avia-builder-el-last  flex_column_div '   ><p><section  class='av_textblock_section av-l9hdxl50-031b07dff9b9f6aeff494e809d4cb32b'  itemscope=\"itemscope\" itemtype=\"https:\/\/schema.org\/CreativeWork\" ><div class='avia_textblock'  itemprop=\"text\" ><p>Ennek seg\u00edts\u00e9g\u00e9vel a kutat\u00f3k, egyetemi vagy f\u0151iskolai hallgat\u00f3k m\u00e1r el\u0151zetesen t\u00e1j\u00e9koz\u00f3dhatnak arr\u00f3l, van-e a k\u00f6nyvt\u00e1r \u00e1llom\u00e1ny\u00e1ban a kutat\u00e1si t\u00e9m\u00e1jukhoz kapcsol\u00f3d\u00f3 t\u00e1rgy\u00fa k\u00f6nyv, kiadv\u00e1ny.<\/p>\n<p>Az \u00e9rdekl\u0151d\u0151k a gyorsmez\u0151k seg\u00edts\u00e9g\u00e9vel b\u00f6ng\u00e9szhetnek az online katal\u00f3gusban, vagy a r\u00e9szletes keres\u00e9si \u0171rlap kit\u00f6lt\u00e9s\u00e9vel tal\u00e1lhatnak r\u00e1 a keresett k\u00f6nyvre. A gyorsmez\u0151s keres\u00e9sn\u00e9l a leg\u00f6rd\u00fcl\u0151 men\u00fcb\u0151l v\u00e1lasztott bibliogr\u00e1fiai adatra (c\u00edm, szerz\u0151, kiad\u00f3, stb.) kereshet\u00fcnk, \u00e9s k\u00e9t adat be\u00edr\u00e1sa eset\u00e9n t\u00f6bbf\u00e9le m\u0171velettel pontos\u00edthatjuk, sz\u0171k\u00edthetj\u00fck vagy b\u0151v\u00edthetj\u00fck a keres\u00e9st. A r\u00e9szletes \u0171rlap seg\u00edts\u00e9g\u00e9vel b\u00e1rmilyen k\u00f6nyv\u00e9szeti adat alapj\u00e1n tudunk keresni.<\/p>\n<p>A kiv\u00e1lasztott k\u00f6nyvek k\u00f6lcs\u00f6nz\u00e9s\u00e9re nincs lehet\u0151s\u00e9g, csup\u00e1n helyben olvashat\u00f3k. Amennyiben \u00e9lni k\u00edv\u00e1n a lehet\u0151s\u00e9ggel, k\u00e9rj\u00fck, hogy a kiv\u00e1lasztott k\u00f6nyv(ek) szerz\u0151j\u00e9t, c\u00edm\u00e9t \u00e9s rakt\u00e1ri jelzet\u00e9t tartalmaz\u00f3 list\u00e1val \u00e9s kutat\u00e1si k\u00e9relm\u00e9vel forduljon a m\u00fazeum igazgat\u00f3j\u00e1hoz.<\/p>\n<\/div><\/section><br \/>\n\n<style type=\"text\/css\" data-created_by=\"avia_inline_auto\" id=\"style-css-av-l9he5nrg-ab7dcce8d0164cb8a2e0d03ca6359653\">\n#top .hr.hr-invisible.av-l9he5nrg-ab7dcce8d0164cb8a2e0d03ca6359653{\nheight:50px;\n}\n<\/style>\n<div  class='hr av-l9he5nrg-ab7dcce8d0164cb8a2e0d03ca6359653 hr-invisible  avia-builder-el-8  el_after_av_textblock  el_before_av_button '><span class='hr-inner '><span class=\"hr-inner-style\"><\/span><\/span><\/div><br \/>\n<div  class='avia-button-wrap avia-button-center  avia-builder-el-9  el_after_av_hr  avia-builder-el-last ' ><a href='http:\/\/0598.netlib.hu\/katalogus' class='avia-button av-l9he1lcz-804c27303cde6ac242a529f72f7c9f2e avia-icon_select-yes-left-icon avia-size-large avia-position-center avia-color-theme-color' target=\"_blank\" rel=\"noopener noreferrer\"><span class='avia_button_icon avia_button_icon_left' aria-hidden='true' data-av_icon='\ue803' data-av_iconfont='entypo-fontello'><\/span><span class='avia_iconbox_title' >Szikla21 Keres\u0151<\/span><\/a><\/div><\/p><\/div>\n<\/p>\n","protected":false},"excerpt":{"rendered":"","protected":false},"author":1,"featured_media":0,"parent":0,"menu_order":0,"comment_status":"closed","ping_status":"closed","template":"","meta":[],"_links":{"self":[{"href":"http:\/\/dunamuzeum.hu\/index.php\/wp-json\/wp\/v2\/pages\/222"}],"collection":[{"href":"http:\/\/dunamuzeum.hu\/index.php\/wp-json\/wp\/v2\/pages"}],"about":[{"href":"http:\/\/dunamuzeum.hu\/index.php\/wp-json\/wp\/v2\/types\/page"}],"author":[{"embeddable":true,"href":"http:\/\/dunamuzeum.hu\/index.php\/wp-json\/wp\/v2\/users\/1"}],"replies":[{"embeddable":true,"href":"http:\/\/dunamuzeum.hu\/index.php\/wp-json\/wp\/v2\/comments?post=222"}],"version-history":[{"count":6,"href":"http:\/\/dunamuzeum.hu\/index.php\/wp-json\/wp\/v2\/pages\/222\/revisions"}],"predecessor-version":[{"id":961,"href":"http:\/\/dunamuzeum.hu\/index.php\/wp-json\/wp\/v2\/pages\/222\/revisions\/961"}],"wp:attachment":[{"href":"http:\/\/dunamuzeum.hu\/index.php\/wp-json\/wp\/v2\/media?parent=222"}],"curies":[{"name":"wp","href":"https:\/\/api.w.org\/{rel}","templated":true}]}}