{"id":250,"date":"2021-06-25T15:20:31","date_gmt":"2021-06-25T13:20:31","guid":{"rendered":"http:\/\/dunamuzeum2.ovf.hu\/?page_id=250"},"modified":"2022-10-26T09:54:57","modified_gmt":"2022-10-26T07:54:57","slug":"digitalis-muzeumpedagogia","status":"publish","type":"page","link":"http:\/\/dunamuzeum.hu\/index.php\/tudnivalok\/digitalis-muzeumpedagogia\/","title":{"rendered":"Digit\u00e1lis m\u00fazeumpedag\u00f3gia"},"content":{"rendered":"<div id='av_section_1'  class='avia-section av-pxspe-3ff979673997f17a6d8b00da880fe779 main_color avia-section-default avia-no-border-styling  avia-builder-el-0  el_before_av_layout_row  avia-builder-el-first  avia-bg-style-scroll container_wrap fullsize'  ><div class='container av-section-cont-open' ><main  role=\"main\" itemprop=\"mainContentOfPage\"  class='template-page content  av-content-full alpha units'><div class='post-entry post-entry-type-page post-entry-250'><div class='entry-content-wrapper clearfix'>\n\n<style type=\"text\/css\" data-created_by=\"avia_inline_auto\" id=\"style-css-av-l8x25b73-1d4d3dfe553cbbc4914c3302db927efc\">\n#top .av-special-heading.av-l8x25b73-1d4d3dfe553cbbc4914c3302db927efc{\npadding-bottom:10px;\n}\nbody .av-special-heading.av-l8x25b73-1d4d3dfe553cbbc4914c3302db927efc .av-special-heading-tag .heading-char{\nfont-size:25px;\n}\n.av-special-heading.av-l8x25b73-1d4d3dfe553cbbc4914c3302db927efc .av-subheading{\nfont-size:15px;\n}\n<\/style>\n<div  class='av-special-heading av-l8x25b73-1d4d3dfe553cbbc4914c3302db927efc av-special-heading-h2 blockquote modern-quote  avia-builder-el-1  avia-builder-el-no-sibling '><h2 class='av-special-heading-tag'  itemprop=\"headline\"  >Digit\u00e1lis m\u00fazeumpedag\u00f3gia<\/h2><div class=\"special-heading-border\"><div class=\"special-heading-inner-border\"><\/div><\/div><\/div>\n<\/div><\/div><\/main><!-- close content main element --><\/div><\/div><div id='av-layout-grid-1'  class='av-layout-grid-container av-vh4mq-a72b857bde5d2437cba9c9d59f20ab34 entry-content-wrapper main_color av-flex-cells  avia-builder-el-2  el_after_av_section  el_before_av_layout_row  grid-row-not-first  container_wrap fullsize'  >\n\n<style type=\"text\/css\" data-created_by=\"avia_inline_auto\" id=\"style-css-av-pvsy2-4b484950f1beee97f0297e1b35344e4e\">\n.flex_cell.av-pvsy2-4b484950f1beee97f0297e1b35344e4e{\nvertical-align:top;\nheight:450px;\nmin-height:450px;\nbackground-color:#a0bace;\n}\n<\/style>\n<div class='flex_cell av_one_fourth av-pvsy2-4b484950f1beee97f0297e1b35344e4e no_margin  avia-builder-el-3  el_before_av_cell_one_fourth  avia-builder-el-first ' ><div class='flex_cell_inner'><\/div><\/div>\n<style type=\"text\/css\" data-created_by=\"avia_inline_auto\" id=\"style-css-av-iizrm-5ac255b0a5062e143d728d3836657ecd\">\n.flex_cell.av-iizrm-5ac255b0a5062e143d728d3836657ecd{\nvertical-align:top;\nheight:450px;\nmin-height:450px;\n}\n<\/style>\n<div class='flex_cell av_one_fourth av-iizrm-5ac255b0a5062e143d728d3836657ecd no_margin  avia-builder-el-4  el_after_av_cell_one_fourth  el_before_av_cell_one_fourth ' ><div class='flex_cell_inner'><p>\n<style type=\"text\/css\" data-created_by=\"avia_inline_auto\" id=\"style-css-av-l8x275si-ee94e7524fd7a8fe86a04c16e2fbdf0b\">\n#top .av-special-heading.av-l8x275si-ee94e7524fd7a8fe86a04c16e2fbdf0b{\npadding-bottom:10px;\n}\nbody .av-special-heading.av-l8x275si-ee94e7524fd7a8fe86a04c16e2fbdf0b .av-special-heading-tag .heading-char{\nfont-size:25px;\n}\n.av-special-heading.av-l8x275si-ee94e7524fd7a8fe86a04c16e2fbdf0b .av-subheading{\nfont-size:15px;\n}\n<\/style>\n<div  class='av-special-heading av-l8x275si-ee94e7524fd7a8fe86a04c16e2fbdf0b av-special-heading-h3 blockquote modern-quote modern-centered  avia-builder-el-5  el_before_av_textblock  avia-builder-el-first '><h3 class='av-special-heading-tag'  itemprop=\"headline\"  >Vizes terepasztal a Duna M\u00fazeumban<\/h3><div class=\"special-heading-border\"><div class=\"special-heading-inner-border\"><\/div><\/div><\/div><br \/>\n<section  class='av_textblock_section av-l8x27n6k-601f8a12fb1317a433bf56155d648d0b'  itemscope=\"itemscope\" itemtype=\"https:\/\/schema.org\/CreativeWork\" ><div class='avia_textblock'  itemprop=\"text\" ><p style=\"text-align: center;\"><span style=\"font-weight: 400;\">Hogyan m\u0171k\u00f6dnek a val\u00f3s\u00e1gban a vizes szerkezetek, m\u0171t\u00e1rgyak, jelens\u00e9gek?<\/span><\/p>\n<\/div><\/section><br \/>\n<div  class='avia-button-wrap avia-button-center  avia-builder-el-7  el_after_av_textblock  avia-builder-el-last ' ><a href='https:\/\/www.thinglink.com\/card\/1400433391496593410' class='avia-button av-l8x28dby-430531b5b273f89e2da289a1069f7e51 avia-icon_select-yes-right-icon avia-size-medium avia-position-center avia-color-theme-color' target=\"_blank\" rel=\"noopener noreferrer\"><span class='avia_iconbox_title' >Tov\u00e1bb<\/span><span class='avia_button_icon avia_button_icon_right' aria-hidden='true' data-av_icon='\ue875' data-av_iconfont='entypo-fontello'><\/span><\/a><\/div><\/p>\n<\/div><\/div>\n<style type=\"text\/css\" data-created_by=\"avia_inline_auto\" id=\"style-css-av-h32xu-eff4fcf0e3add28aa923b06c20ba80b1\">\n.flex_cell.av-h32xu-eff4fcf0e3add28aa923b06c20ba80b1{\nvertical-align:top;\nheight:450px;\nmin-height:450px;\nbackground-color:#d1dbe7;\n}\n<\/style>\n<div class='flex_cell av_one_fourth av-h32xu-eff4fcf0e3add28aa923b06c20ba80b1 no_margin  avia-builder-el-8  el_after_av_cell_one_fourth  el_before_av_cell_one_fourth ' ><div class='flex_cell_inner'><\/div><\/div>\n<style type=\"text\/css\" data-created_by=\"avia_inline_auto\" id=\"style-css-av-74ssi-2b961eb06ae8c08e0366279c9103f3e3\">\n.flex_cell.av-74ssi-2b961eb06ae8c08e0366279c9103f3e3{\nvertical-align:top;\nheight:450px;\nmin-height:450px;\n}\n<\/style>\n<div class='flex_cell av_one_fourth av-74ssi-2b961eb06ae8c08e0366279c9103f3e3 no_margin  avia-builder-el-9  el_after_av_cell_one_fourth  avia-builder-el-last ' ><div class='flex_cell_inner'><p>\n<style type=\"text\/css\" data-created_by=\"avia_inline_auto\" id=\"style-css-av-l8x28o1u-aa23311461dcbe10014b31498e9216a0\">\n#top .av-special-heading.av-l8x28o1u-aa23311461dcbe10014b31498e9216a0{\npadding-bottom:10px;\n}\nbody .av-special-heading.av-l8x28o1u-aa23311461dcbe10014b31498e9216a0 .av-special-heading-tag .heading-char{\nfont-size:25px;\n}\n.av-special-heading.av-l8x28o1u-aa23311461dcbe10014b31498e9216a0 .av-subheading{\nfont-size:15px;\n}\n<\/style>\n<div  class='av-special-heading av-l8x28o1u-aa23311461dcbe10014b31498e9216a0 av-special-heading-h3 blockquote modern-quote modern-centered  avia-builder-el-10  el_before_av_textblock  avia-builder-el-first '><h3 class='av-special-heading-tag'  itemprop=\"headline\"  >Vizes \u00e9l\u0151helyek napja: febru\u00e1r 2.<\/h3><div class=\"special-heading-border\"><div class=\"special-heading-inner-border\"><\/div><\/div><\/div><br \/>\n<section  class='av_textblock_section av-l8x292uc-c853506c9b5afb9e1a03813c50013bdc'  itemscope=\"itemscope\" itemtype=\"https:\/\/schema.org\/CreativeWork\" ><div class='avia_textblock'  itemprop=\"text\" ><p style=\"text-align: center;\"><span style=\"font-weight: 400;\">V\u00edz\u00fcgyes koll\u00e9g\u00e1nk, D\u00e1vid Bal\u00e1zs g\u00e1t\u0151r nap mint nap r\u00e1csod\u00e1lkozik \u201emunkahelye\u201d, az esztergomi Duna-szakasz sz\u00e9ps\u00e9geire. N\u00e9zz\u00e9tek Ti is vel\u00fcnk, mit l\u00e1t t\u00e9len az \u00e1rt\u00e9ren! Tegyetek egy s\u00e9t\u00e1t egy k\u00f6zeli vizes \u00e9l\u0151helyen!<\/span><\/p>\n<\/div><\/section><br \/>\n<div  class='avia-button-wrap avia-button-center  avia-builder-el-12  el_after_av_textblock  avia-builder-el-last ' ><a href='https:\/\/www.thinglink.com\/scene\/1408788200628944899' class='avia-button av-l8x29lx5-a1ab79b4586fe55c7546efcb5d6cca88 avia-icon_select-yes-right-icon avia-size-medium avia-position-center avia-color-theme-color' target=\"_blank\" rel=\"noopener noreferrer\"><span class='avia_iconbox_title' >Tov\u00e1bb<\/span><span class='avia_button_icon avia_button_icon_right' aria-hidden='true' data-av_icon='\ue875' data-av_iconfont='entypo-fontello'><\/span><\/a><\/div><\/p>\n<\/div><\/div>\n<\/div><\/p>\n<div id='av-layout-grid-2'  class='av-layout-grid-container av-v9uaa-3fd8607544f5d44886b9cfc6b93e6c14 entry-content-wrapper main_color av-flex-cells  avia-builder-el-13  el_after_av_layout_row  avia-builder-el-last  grid-row-not-first  container_wrap fullsize'  >\n\n<style type=\"text\/css\" data-created_by=\"avia_inline_auto\" id=\"style-css-av-rs9ga-246c55d030831ac59d5f7df9a38aee77\">\n.flex_cell.av-rs9ga-246c55d030831ac59d5f7df9a38aee77{\nvertical-align:top;\nheight:450px;\nmin-height:450px;\n}\n<\/style>\n<div class='flex_cell av_one_fourth av-rs9ga-246c55d030831ac59d5f7df9a38aee77 no_margin  avia-builder-el-14  el_before_av_cell_one_fourth  avia-builder-el-first ' ><div class='flex_cell_inner'><p>\n<style type=\"text\/css\" data-created_by=\"avia_inline_auto\" id=\"style-css-av-l8x2ba10-781182f3bb7e0626921b87126a5bb5eb\">\n#top .av-special-heading.av-l8x2ba10-781182f3bb7e0626921b87126a5bb5eb{\npadding-bottom:10px;\n}\nbody .av-special-heading.av-l8x2ba10-781182f3bb7e0626921b87126a5bb5eb .av-special-heading-tag .heading-char{\nfont-size:25px;\n}\n.av-special-heading.av-l8x2ba10-781182f3bb7e0626921b87126a5bb5eb .av-subheading{\nfont-size:15px;\n}\n<\/style>\n<div  class='av-special-heading av-l8x2ba10-781182f3bb7e0626921b87126a5bb5eb av-special-heading-h3 blockquote modern-quote modern-centered  avia-builder-el-15  el_before_av_button  avia-builder-el-first '><h3 class='av-special-heading-tag'  itemprop=\"headline\"  >Online j\u00e1t\u00e9k a 2021-es V\u00edz Vil\u00e1gnap jegy\u00e9ben<\/h3><div class=\"special-heading-border\"><div class=\"special-heading-inner-border\"><\/div><\/div><\/div><br \/>\n<div  class='avia-button-wrap avia-button-center  avia-builder-el-16  el_after_av_heading  avia-builder-el-last ' ><a href='https:\/\/view.genial.ly\/602bbb1e6407210d978f084c\/game-breakout-viz-vilagnap-2021' class='avia-button av-l8x2bpt2-33f0b0f84ff0e4e94edd25e2116b2929 avia-icon_select-yes-right-icon avia-size-medium avia-position-center avia-color-theme-color' target=\"_blank\" rel=\"noopener noreferrer\"><span class='avia_iconbox_title' >Tov\u00e1bb<\/span><span class='avia_button_icon avia_button_icon_right' aria-hidden='true' data-av_icon='\ue875' data-av_iconfont='entypo-fontello'><\/span><\/a><\/div><\/p>\n<\/div><\/div>\n<style type=\"text\/css\" data-created_by=\"avia_inline_auto\" id=\"style-css-av-ji0ki-24da63ce19c1e2d4026198805715c190\">\n.flex_cell.av-ji0ki-24da63ce19c1e2d4026198805715c190{\nvertical-align:top;\nheight:450px;\nmin-height:450px;\nbackground-color:#79a0a0;\n}\n<\/style>\n<div class='flex_cell av_one_fourth av-ji0ki-24da63ce19c1e2d4026198805715c190 no_margin  avia-builder-el-17  el_after_av_cell_one_fourth  el_before_av_cell_one_fourth ' ><div class='flex_cell_inner'><\/div><\/div>\n<style type=\"text\/css\" data-created_by=\"avia_inline_auto\" id=\"style-css-av-g4ehe-e59d08167ecb057da48a4c4b9bbec555\">\n.flex_cell.av-g4ehe-e59d08167ecb057da48a4c4b9bbec555{\nvertical-align:top;\nheight:450px;\nmin-height:450px;\n}\n<\/style>\n<div class='flex_cell av_one_fourth av-g4ehe-e59d08167ecb057da48a4c4b9bbec555 no_margin  avia-builder-el-18  el_after_av_cell_one_fourth  el_before_av_cell_one_fourth ' ><div class='flex_cell_inner'><p>\n<style type=\"text\/css\" data-created_by=\"avia_inline_auto\" id=\"style-css-av-l8x2c6gz-7ea67b2783e24ebc79999608cefa82c8\">\n#top .av-special-heading.av-l8x2c6gz-7ea67b2783e24ebc79999608cefa82c8{\npadding-bottom:10px;\n}\nbody .av-special-heading.av-l8x2c6gz-7ea67b2783e24ebc79999608cefa82c8 .av-special-heading-tag .heading-char{\nfont-size:25px;\n}\n.av-special-heading.av-l8x2c6gz-7ea67b2783e24ebc79999608cefa82c8 .av-subheading{\nfont-size:15px;\n}\n<\/style>\n<div  class='av-special-heading av-l8x2c6gz-7ea67b2783e24ebc79999608cefa82c8 av-special-heading-h3 blockquote modern-quote modern-centered  avia-builder-el-19  el_before_av_textblock  avia-builder-el-first '><h3 class='av-special-heading-tag'  itemprop=\"headline\"  >Dunai haj\u00f3k a V\u00edzeum ki\u00e1ll\u00edt\u00e1sban<\/h3><div class=\"special-heading-border\"><div class=\"special-heading-inner-border\"><\/div><\/div><\/div><br \/>\n<section  class='av_textblock_section av-l8x2cm6q-c809ff2e7fdba9739fcacb82a360cb19'  itemscope=\"itemscope\" itemtype=\"https:\/\/schema.org\/CreativeWork\" ><div class='avia_textblock'  itemprop=\"text\" ><p style=\"text-align: center;\"><span style=\"font-weight: 400;\">P\u00e1ros\u00edtsd a dunai haj\u00f3k makettj\u00e9r\u0151l k\u00e9sz\u00fclt fot\u00f3kat a grafikai rajzukkal!<br \/>\n<\/span><\/p>\n<\/div><\/section><br \/>\n<div  class='avia-button-wrap avia-button-center  avia-builder-el-21  el_after_av_textblock  avia-builder-el-last ' ><a href='https:\/\/learningapps.org\/watch?v=paoe1onjj20' class='avia-button av-l8x2d775-4704c686e20bf16b0592050cce68bf1a avia-icon_select-yes-right-icon avia-size-medium avia-position-center avia-color-theme-color' target=\"_blank\" rel=\"noopener noreferrer\"><span class='avia_iconbox_title' >Tov\u00e1bb<\/span><span class='avia_button_icon avia_button_icon_right' aria-hidden='true' data-av_icon='\ue875' data-av_iconfont='entypo-fontello'><\/span><\/a><\/div><\/p>\n<\/div><\/div>\n<style type=\"text\/css\" data-created_by=\"avia_inline_auto\" id=\"style-css-av-7j3ga-e3244bb3818d631ad9289fd6a9be595d\">\n.flex_cell.av-7j3ga-e3244bb3818d631ad9289fd6a9be595d{\nvertical-align:top;\nheight:450px;\nmin-height:450px;\nbackground-color:#add2a0;\n}\n<\/style>\n<div class='flex_cell av_one_fourth av-7j3ga-e3244bb3818d631ad9289fd6a9be595d no_margin  avia-builder-el-22  el_after_av_cell_one_fourth  avia-builder-el-last ' ><div class='flex_cell_inner'><\/div><\/div>\n<\/div>\n","protected":false},"excerpt":{"rendered":"","protected":false},"author":1,"featured_media":0,"parent":19,"menu_order":0,"comment_status":"closed","ping_status":"closed","template":"","meta":[],"_links":{"self":[{"href":"http:\/\/dunamuzeum.hu\/index.php\/wp-json\/wp\/v2\/pages\/250"}],"collection":[{"href":"http:\/\/dunamuzeum.hu\/index.php\/wp-json\/wp\/v2\/pages"}],"about":[{"href":"http:\/\/dunamuzeum.hu\/index.php\/wp-json\/wp\/v2\/types\/page"}],"author":[{"embeddable":true,"href":"http:\/\/dunamuzeum.hu\/index.php\/wp-json\/wp\/v2\/users\/1"}],"replies":[{"embeddable":true,"href":"http:\/\/dunamuzeum.hu\/index.php\/wp-json\/wp\/v2\/comments?post=250"}],"version-history":[{"count":6,"href":"http:\/\/dunamuzeum.hu\/index.php\/wp-json\/wp\/v2\/pages\/250\/revisions"}],"predecessor-version":[{"id":1276,"href":"http:\/\/dunamuzeum.hu\/index.php\/wp-json\/wp\/v2\/pages\/250\/revisions\/1276"}],"up":[{"embeddable":true,"href":"http:\/\/dunamuzeum.hu\/index.php\/wp-json\/wp\/v2\/pages\/19"}],"wp:attachment":[{"href":"http:\/\/dunamuzeum.hu\/index.php\/wp-json\/wp\/v2\/media?parent=250"}],"curies":[{"name":"wp","href":"https:\/\/api.w.org\/{rel}","templated":true}]}}